{"id":41545,"date":"2025-04-02T14:03:00","date_gmt":"2025-04-02T12:03:00","guid":{"rendered":"https:\/\/biblioteka.bojszowy.pl\/home\/?page_id=41545"},"modified":"2025-07-04T14:27:02","modified_gmt":"2025-07-04T12:27:02","slug":"2025-2","status":"publish","type":"page","link":"https:\/\/biblioteka.bojszowy.pl\/home\/2025-2\/","title":{"rendered":"2025"},"content":{"rendered":"\n<p class=\"has-text-align-center\"><strong>Silteratura &#8211; promocja literatury \u015bl\u0105skiej.<\/strong><\/p>\n\n\n\n<figure class=\"wp-block-image size-large\"><img loading=\"lazy\" decoding=\"async\" width=\"1024\" height=\"154\" src=\"https:\/\/biblioteka.bojszowy.pl\/wp-content\/uploads\/2025\/07\/505611370_1128176196008048_1188709879777923387_n-1-1024x154.jpg\" alt=\"\" class=\"wp-image-41547\" srcset=\"https:\/\/biblioteka.bojszowy.pl\/wp-content\/uploads\/2025\/07\/505611370_1128176196008048_1188709879777923387_n-1-1024x154.jpg 1024w, https:\/\/biblioteka.bojszowy.pl\/wp-content\/uploads\/2025\/07\/505611370_1128176196008048_1188709879777923387_n-1-300x45.jpg 300w, https:\/\/biblioteka.bojszowy.pl\/wp-content\/uploads\/2025\/07\/505611370_1128176196008048_1188709879777923387_n-1-768x116.jpg 768w, https:\/\/biblioteka.bojszowy.pl\/wp-content\/uploads\/2025\/07\/505611370_1128176196008048_1188709879777923387_n-1-850x128.jpg 850w, https:\/\/biblioteka.bojszowy.pl\/wp-content\/uploads\/2025\/07\/505611370_1128176196008048_1188709879777923387_n-1.jpg 1432w\" sizes=\"auto, (max-width: 1024px) 100vw, 1024px\" \/><\/figure>\n\n\n\n<figure class=\"wp-block-embed is-type-wp-embed is-provider-gminna-biblioteka-publiczna-w-bojszowach wp-block-embed-gminna-biblioteka-publiczna-w-bojszowach\"><div class=\"wp-block-embed__wrapper\">\n<blockquote class=\"wp-embedded-content\" data-secret=\"l3m8LVmYjD\"><a href=\"https:\/\/biblioteka.bojszowy.pl\/home\/2025\/04\/02\/zapraszamy-na-spotkanie-autorskie-z-anna-cieplak\/\">Zapraszamy na spotkanie autorskie z Ann\u0105 Cieplak<\/a><\/blockquote><iframe loading=\"lazy\" class=\"wp-embedded-content\" sandbox=\"allow-scripts\" security=\"restricted\" style=\"position: absolute; visibility: hidden;\" title=\"&#8222;Zapraszamy na spotkanie autorskie z Ann\u0105 Cieplak&#8221; &#8212; Gminna Biblioteka Publiczna w Bojszowach\" src=\"https:\/\/biblioteka.bojszowy.pl\/home\/2025\/04\/02\/zapraszamy-na-spotkanie-autorskie-z-anna-cieplak\/embed\/#?secret=PmMPFSCvzm#?secret=l3m8LVmYjD\" data-secret=\"l3m8LVmYjD\" width=\"600\" height=\"338\" frameborder=\"0\" marginwidth=\"0\" marginheight=\"0\" scrolling=\"no\"><\/iframe>\n<\/div><\/figure>\n\n\n\n<figure class=\"wp-block-embed is-type-wp-embed is-provider-gminna-biblioteka-publiczna-w-bojszowach wp-block-embed-gminna-biblioteka-publiczna-w-bojszowach\"><div class=\"wp-block-embed__wrapper\">\n<blockquote class=\"wp-embedded-content\" data-secret=\"diLAy0wCIs\"><a href=\"https:\/\/biblioteka.bojszowy.pl\/home\/2025\/04\/23\/spotkanie-autorskie-z-anna-cieplak\/\">Spotkanie autorskie z Ann\u0105 Cieplak<\/a><\/blockquote><iframe loading=\"lazy\" class=\"wp-embedded-content\" sandbox=\"allow-scripts\" security=\"restricted\" style=\"position: absolute; visibility: hidden;\" title=\"&#8222;Spotkanie autorskie z Ann\u0105 Cieplak&#8221; &#8212; Gminna Biblioteka Publiczna w Bojszowach\" src=\"https:\/\/biblioteka.bojszowy.pl\/home\/2025\/04\/23\/spotkanie-autorskie-z-anna-cieplak\/embed\/#?secret=JgAVHid0YT#?secret=diLAy0wCIs\" data-secret=\"diLAy0wCIs\" width=\"600\" height=\"338\" frameborder=\"0\" marginwidth=\"0\" marginheight=\"0\" scrolling=\"no\"><\/iframe>\n<\/div><\/figure>\n\n\n\n<figure class=\"wp-block-embed is-type-wp-embed is-provider-gminna-biblioteka-publiczna-w-bojszowach wp-block-embed-gminna-biblioteka-publiczna-w-bojszowach\"><div class=\"wp-block-embed__wrapper\">\n<blockquote class=\"wp-embedded-content\" data-secret=\"yUj4yRJGaS\"><a href=\"https:\/\/biblioteka.bojszowy.pl\/home\/2025\/04\/30\/zapraszamy-na-spotkanie-z-sabina-waszut\/\">Zapraszamy na spotkanie z Sabin\u0105 Waszut<\/a><\/blockquote><iframe loading=\"lazy\" class=\"wp-embedded-content\" sandbox=\"allow-scripts\" security=\"restricted\" style=\"position: absolute; visibility: hidden;\" title=\"&#8222;Zapraszamy na spotkanie z Sabin\u0105 Waszut&#8221; &#8212; Gminna Biblioteka Publiczna w Bojszowach\" src=\"https:\/\/biblioteka.bojszowy.pl\/home\/2025\/04\/30\/zapraszamy-na-spotkanie-z-sabina-waszut\/embed\/#?secret=GXFJwEwkxe#?secret=yUj4yRJGaS\" data-secret=\"yUj4yRJGaS\" width=\"600\" height=\"338\" frameborder=\"0\" marginwidth=\"0\" marginheight=\"0\" scrolling=\"no\"><\/iframe>\n<\/div><\/figure>\n\n\n\n<figure class=\"wp-block-embed is-type-wp-embed is-provider-gminna-biblioteka-publiczna-w-bojszowach wp-block-embed-gminna-biblioteka-publiczna-w-bojszowach\"><div class=\"wp-block-embed__wrapper\">\n<blockquote class=\"wp-embedded-content\" data-secret=\"FBEEGSPkir\"><a href=\"https:\/\/biblioteka.bojszowy.pl\/home\/2025\/05\/15\/spotkanie-autorskie-z-sabina-waszut\/\">Spotkanie autorskie z Sabin\u0105 Waszut<\/a><\/blockquote><iframe loading=\"lazy\" class=\"wp-embedded-content\" sandbox=\"allow-scripts\" security=\"restricted\" style=\"position: absolute; visibility: hidden;\" title=\"&#8222;Spotkanie autorskie z Sabin\u0105 Waszut&#8221; &#8212; Gminna Biblioteka Publiczna w Bojszowach\" src=\"https:\/\/biblioteka.bojszowy.pl\/home\/2025\/05\/15\/spotkanie-autorskie-z-sabina-waszut\/embed\/#?secret=3ODRQtImkP#?secret=FBEEGSPkir\" data-secret=\"FBEEGSPkir\" width=\"600\" height=\"338\" frameborder=\"0\" marginwidth=\"0\" marginheight=\"0\" scrolling=\"no\"><\/iframe>\n<\/div><\/figure>\n\n\n\n<figure class=\"wp-block-embed is-type-wp-embed is-provider-gminna-biblioteka-publiczna-w-bojszowach wp-block-embed-gminna-biblioteka-publiczna-w-bojszowach\"><div class=\"wp-block-embed__wrapper\">\n<blockquote class=\"wp-embedded-content\" data-secret=\"IfRekUUWUE\"><a href=\"https:\/\/biblioteka.bojszowy.pl\/home\/2025\/05\/20\/zapraszamy-na-spotkanie-autorskie-z-ewa-winnicka\/\">Zapraszamy na spotkanie autorskie z Ew\u0105 Winnick\u0105<\/a><\/blockquote><iframe loading=\"lazy\" class=\"wp-embedded-content\" sandbox=\"allow-scripts\" security=\"restricted\" style=\"position: absolute; visibility: hidden;\" title=\"&#8222;Zapraszamy na spotkanie autorskie z Ew\u0105 Winnick\u0105&#8221; &#8212; Gminna Biblioteka Publiczna w Bojszowach\" src=\"https:\/\/biblioteka.bojszowy.pl\/home\/2025\/05\/20\/zapraszamy-na-spotkanie-autorskie-z-ewa-winnicka\/embed\/#?secret=64cqmUqIB2#?secret=IfRekUUWUE\" data-secret=\"IfRekUUWUE\" width=\"600\" height=\"338\" frameborder=\"0\" marginwidth=\"0\" marginheight=\"0\" scrolling=\"no\"><\/iframe>\n<\/div><\/figure>\n\n\n\n<figure class=\"wp-block-embed is-type-wp-embed is-provider-gminna-biblioteka-publiczna-w-bojszowach wp-block-embed-gminna-biblioteka-publiczna-w-bojszowach\"><div class=\"wp-block-embed__wrapper\">\n<blockquote class=\"wp-embedded-content\" data-secret=\"oJQGOxZ5zZ\"><a href=\"https:\/\/biblioteka.bojszowy.pl\/home\/2025\/06\/04\/spotkanie-autorskie-z-ewa-winnicka\/\">Spotkanie autorskie z Ew\u0105 Winnick\u0105<\/a><\/blockquote><iframe loading=\"lazy\" class=\"wp-embedded-content\" sandbox=\"allow-scripts\" security=\"restricted\" style=\"position: absolute; visibility: hidden;\" title=\"&#8222;Spotkanie autorskie z Ew\u0105 Winnick\u0105&#8221; &#8212; Gminna Biblioteka Publiczna w Bojszowach\" src=\"https:\/\/biblioteka.bojszowy.pl\/home\/2025\/06\/04\/spotkanie-autorskie-z-ewa-winnicka\/embed\/#?secret=PseFGmaMnI#?secret=oJQGOxZ5zZ\" data-secret=\"oJQGOxZ5zZ\" width=\"600\" height=\"338\" frameborder=\"0\" marginwidth=\"0\" marginheight=\"0\" scrolling=\"no\"><\/iframe>\n<\/div><\/figure>\n\n\n\n<figure class=\"wp-block-embed is-type-wp-embed is-provider-gminna-biblioteka-publiczna-w-bojszowach wp-block-embed-gminna-biblioteka-publiczna-w-bojszowach\"><div class=\"wp-block-embed__wrapper\">\n<blockquote class=\"wp-embedded-content\" data-secret=\"OW0nhYE7Nm\"><a href=\"https:\/\/biblioteka.bojszowy.pl\/home\/2025\/06\/10\/po-naszymu-tyz-piyknie-o-czytaniu-i-pisaniu-po-slasku\/\">&#8222;Po naszymu ty\u017c piyknie&#8221; &#8211; o czytaniu i pisaniu po \u015bl\u0105sku<\/a><\/blockquote><iframe loading=\"lazy\" class=\"wp-embedded-content\" sandbox=\"allow-scripts\" security=\"restricted\" style=\"position: absolute; visibility: hidden;\" title=\"&#8222;&#8222;Po naszymu ty\u017c piyknie&#8221; &#8211; o czytaniu i pisaniu po \u015bl\u0105sku&#8221; &#8212; Gminna Biblioteka Publiczna w Bojszowach\" src=\"https:\/\/biblioteka.bojszowy.pl\/home\/2025\/06\/10\/po-naszymu-tyz-piyknie-o-czytaniu-i-pisaniu-po-slasku\/embed\/#?secret=LFcTQGx9es#?secret=OW0nhYE7Nm\" data-secret=\"OW0nhYE7Nm\" width=\"600\" height=\"338\" frameborder=\"0\" marginwidth=\"0\" marginheight=\"0\" scrolling=\"no\"><\/iframe>\n<\/div><\/figure>\n\n\n\n<p><\/p>\n","protected":false},"excerpt":{"rendered":"<p>Silteratura &#8211; promocja literatury \u015bl\u0105skiej.<\/p>\n","protected":false},"author":2,"featured_media":0,"parent":0,"menu_order":0,"comment_status":"closed","ping_status":"closed","template":"","meta":{"_monsterinsights_skip_tracking":false,"_monsterinsights_sitenote_active":false,"_monsterinsights_sitenote_note":"","_monsterinsights_sitenote_category":0,"footnotes":""},"class_list":["post-41545","page","type-page","status-publish","hentry"],"_links":{"self":[{"href":"https:\/\/biblioteka.bojszowy.pl\/home\/wp-json\/wp\/v2\/pages\/41545","targetHints":{"allow":["GET"]}}],"collection":[{"href":"https:\/\/biblioteka.bojszowy.pl\/home\/wp-json\/wp\/v2\/pages"}],"about":[{"href":"https:\/\/biblioteka.bojszowy.pl\/home\/wp-json\/wp\/v2\/types\/page"}],"author":[{"embeddable":true,"href":"https:\/\/biblioteka.bojszowy.pl\/home\/wp-json\/wp\/v2\/users\/2"}],"replies":[{"embeddable":true,"href":"https:\/\/biblioteka.bojszowy.pl\/home\/wp-json\/wp\/v2\/comments?post=41545"}],"version-history":[{"count":2,"href":"https:\/\/biblioteka.bojszowy.pl\/home\/wp-json\/wp\/v2\/pages\/41545\/revisions"}],"predecessor-version":[{"id":41562,"href":"https:\/\/biblioteka.bojszowy.pl\/home\/wp-json\/wp\/v2\/pages\/41545\/revisions\/41562"}],"wp:attachment":[{"href":"https:\/\/biblioteka.bojszowy.pl\/home\/wp-json\/wp\/v2\/media?parent=41545"}],"curies":[{"name":"wp","href":"https:\/\/api.w.org\/{rel}","templated":true}]}}